28 = 0. What is the hundreds digit of m(c)?
1
Suppose -6*g + 1440 = -0*g. Let j = 618 + g. Suppose -5*n + j = n. What is the hundreds digit of n?
1
Let i(g) = g**3 - 25*g**2 + 35*g + 74. What is the hundreds digit of i(40)?
4
Let x be (30/(-5))/6*-5. Suppose 0 = s - 2, -x*i + 198 = -3*s - 116. What is the tens digit of i?
6
Let a be 0*4/28 - -17. Suppose 0 = a*q - 1801 - 2925. What is the tens digit of q?
7
What is the hundreds digit of (325881/(-6) + -4)*58/(-145)?
7
Suppose 0 = s + 4*f + 6, -66 = -5*s + 6*f - 2*f. Suppose 11*d - 385 = s*d. What is the hundreds digit of d?
3
Let x(d) = -d**3 + 21*d**2 - 41*d - 13. Let b = -170 + 183. What is the hundreds digit of x(b)?
8
Let z = 604 - 398. Let d = z - -33. Suppose -5*w - 4*g + d = 0, w - 5*g + 82 = 3*w. What is the tens digit of w?
5
Let y(x) = 2*x**2 + 69*x + 870. What is the hundreds digit of y(-20)?
2
Let f be ((-24)/30)/((-12)/(-30)). Let h(z) = -97*z - 56. What is the units digit of h(f)?
8
Let m = 442 + -949. What is the tens digit of (-918)/(-4)*13/(m/(-26))?
5
Let q(t) = 2*t + 3. Suppose -2*s = -s. Let b be q(s). What is the tens digit of b/(-1*(-9)/228)?
7
Suppose 8*h - 7581 - 102072 - 129483 = 0. What is the ten thousands digit of h?
2
Let c(y) = 3*y**2 + 5*y + 1. Let j(x) = -x**2 + 19*x - 17. Let o be j(18). Suppose -o = -2*h - 11. What is the tens digit of c(h)?
5
What is the units digit of (22/121 + (-17)/33)*-12549?
3
Let b(g) = 52183*g**2 + 5*g + 2. What is the tens digit of b(1)?
9
Let r(y) = 4*y**3 - y**2 - 9*y + 23. Let q be r(4). Suppose 10*p - q = 2593. What is the tens digit of p?
8
Suppose -6620 = -3*n + 2050. What is the tens digit of n?
9
Suppose 2*i - 5*n = 4, -5*n + 8 = 4*i - 0*n. Suppose 0 = -5*l - 23 - i, -1170 = -2*y + 4*l. What is the units digit of y?
5
Let w(f) = -14 + 0 - 4 - 2*f + 4. Let v be w(-9). Suppose 11 = 3*n + 2, -2*t = -v*n - 62. What is the units digit of t?
7
Let t be (-13)/(-3) - (24/(-9) - -3). Suppose 5*r - 403 = 2*r + t*p, -5*p + 589 = 4*r. Let i = -96 + r. What is the units digit of i?
5
What is the thousands digit of -3 + (75501 - 7) + -1 + 7?
5
Suppose 5*k - 3*n = -679, -4*k - 359 = -4*n + 189. Let p = -124 - k. What is the units digit of 962/10 - (p/(-25))/(-2)?
6
Let b be ((-6)/(-2))/(-1*(-1)/1). Suppose 0*k = 3*k + b*l + 63, -l = -4*k - 79. What is the units digit of (k/(-6) - 3)*243?
1
Suppose -p + 5*c - 20 = -2*p, -3*p = c - 4. Suppose -4*f = -2*x - 2352 + 784, -4*f - x + 1562 = p. What is the hundreds digit of f?
3
Suppose 28*f - 567063 = 145593. What is the tens digit of f?
5
Suppose -v = -36 + 44. What is the tens digit of (-1328)/v*(-15)/(-6)?
1
Let d = 10 + -20. Let b = -8 - d. Suppose -4*n - 10 = -b*w + 60, -3*w = -n - 100. What is the tens digit of w?
3
Let b be 106/477 - 4388/(-18). Suppose 239*v + 2075 = b*v. What is the hundreds digit of v?
4
Suppose 6*o + 3*o - 75422 = -13952. What is the thousands digit of o?
6
Let s = 20792 - 9206. What is the units digit of s?
6
Let q = -26478 + 47067. What is the units digit of q?
9
Suppose 17 + 47 = -4*j. Suppose -17*u = -u - 688 - 880. Let g = j + u. What is the units digit of g?
2
Let m = 101 - 104. What is the tens digit of (-239)/(9/m - 8/(-4))?
3
Let d = 107 + -101. What is the hundreds digit of -2*((-1191)/d + -5 - 0)?
4
Suppose -3213787 = -266*i - 653537. What is the hundreds digit of i?
6
Suppose 5*g - 21 = -q, -2*g + 13 = -g - 2*q. Suppose -g*l + 1554 = t, 3*l = -5*t - 0*t + 928. What is the hundreds digit of l?
3
Suppose 2*a = -a - 927. Let l be 8/32 - 18*a/24. Let n = l + -40. What is the tens digit of n?
9
Let i(g) = g**3 - 12*g**2 + 13*g - 20. Let n be i(11). Suppose 0 = n*r - 3*l - 290, 0 = r + 3*r - 4*l - 584. What is the hundreds digit of r?
1
Let z be (-10)/(-2)*(-6)/(-10). Let k be z + 8/4 + 0. What is the tens digit of ((-18)/15)/(k/(-100))?
2
Suppose 12 = -4*y + 2*s, 2*s = -0*y + 2*y + 4. Let n be -2 + (372 - -3) + 0 + y. Suppose 3*d - n - 231 = 0. What is the tens digit of d?
0
Let c be (-5)/(5/5)*(1 + -4). Suppose 402 = -14*d + c*d. Let f = d - 151. What is the hundreds digit of f?
2
Suppose -5*p = -4*q - 28, -10 - 26 = -3*p - 4*q. Suppose -4*s = -4*t - 8*s + 1396, 4*s = p. What is the hundreds digit of t?
3
Let z = 5306 - -5887. What is the thousands digit of z?
1
Let k = -9504 + 17072. What is the tens digit of k?
6
Let r be (-3504)/(-42) - (51/21 - 2). Suppose -79*z = -r*z + 2584. Suppose 8*n + z = 1966. What is the hundreds digit of n?
1
Let s be ((-15)/35)/((-16)/112). Suppose 4*o = -2*h + 2071 - 177, -3*o = -s*h + 2796. What is the hundreds digit of h?
9
Suppose 452 = 5*c + 4*f, 2*f - f + 278 = 3*c. What is the units digit of (c/10)/((-8)/(-440))?
6
Let r be (-18)/(-5) + -3 - 150685/(-25). Suppose 19*v = r + 736. What is the units digit of v?
6
Let r = -5154 + 10157. What is the thousands digit of r?
5
Let z(u) = 2*u**2 + 89*u + 473. What is the tens digit of z(115)?
5
Let a = 26 - 27. Let w be (9/((-36)/(-32)))/a. What is the tens digit of (-865)/(-4) - w/(-36 - -4)?
1
Suppose 39693 = 14*h - 49347. What is the thousands digit of h?
6
Let a be -8*(124/16 + -2). Let j = -43 - a. Suppose -5*w + j*w + 72 = 0. What is the tens digit of w?
3
Let o = 8261 + -2328. What is the thousands digit of o?
5
Let v(a) = -a**3 + 12*a**2 - 13*a + 26. Let r be v(11). Suppose z + 1 = 2*m, -5*m - 6 = -r*z - 1. What is the tens digit of -3 + -246*z/(-10)?
2
Suppose -103*u + 100*u = -414. Let r = 107 - u. Let g = r - -281. What is the tens digit of g?
5
Suppose 2*s - 60 = -2*s. Let q be (s/(-9))/(3 + (-30)/9). Suppose -143 = -2*j - 2*j - k, -67 = -2*j - q*k. What is the units digit of j?
6
Let i(k) = 2*k**2 - 2*k + 8. Let t be i(4). Suppose t = 4*j + 4*a, 4*j - 7 = 2*a - a. Suppose -j*y - 46 = -181. What is the tens digit of y?
4
Let r = 445 - 674. Let i = 424 + r. Suppose 3*u + 3*j = 342, 4*j = 3*u - i - 119. What is the units digit of u?
0
Let r = 174 - 210. What is the units digit of ((-1674)/r)/(1/2)?
3
Suppose -37060 = -21*o + 4*o. Let y = o - 539. What is the hundreds digit of y?
6
Suppose 0 = -4*y + 5*s - 6729 + 25162, -2*y + 9219 = -5*s. What is the thousands digit of y?
4
Suppose -4*y - 9*y + 407100 = 10*y. What is the hundreds digit of y?
7
Let c(b) = -b**3 + b - 1. Let h(k) = 2*k**3 + k**2 + k + 1. Let d(w) = -3*c(w) - h(w). Let y be 1/((-3)/(-10)) + 8/12. What is the tens digit of d(y)?
3
Suppose 7*h + 373 = -2581. Let o = -85 - h. What is the tens digit of o?
3
Let r be (24 - -82)/(-1 + 1 + 2). Suppose r*q - 51*q - 112 = 0. What is the tens digit of q?
5
Suppose -3*r + a - 17 = 0, 0 = -5*r + 6*r + 4*a + 10. What is the hundreds digit of 136*8/r*-3?
5
What is the units digit of ((-154026)/(-48))/(48/384)?
1
Let g(t) = -5*t + 41. Let r be g(-9). Let i = r - 83. What is the units digit of -3*(-20 - i)*1*3?
7
Let b(h) = h**3 - 17*h**2 + 2*h + 4. Suppose 4*g = 5*a + 96, 4*g + 2*a = 3*g + 24. Suppose 44 + g = 4*p. What is the tens digit of b(p)?
3
Let b = -835 + 13076. What is the thousands digit of b?
2
Let t = 17757 + 3560. What is the tens digit of t?
1
Suppose 0 = 5*i - 512 + 27. Let l = 469 + i. What is the units digit of l?
6
Let i(p) = p**3 + 4*p**2 - 7. Let c be i(-3). Suppose -t = c*t. Suppose 0 = -5*q - t*q - 2*r + 10, 3*r - 4 = -2*q. What is the units digit of q?
2
Suppose r + 2659 = 149*n - 148*n, -4*n + 3*r + 10639 = 0. What is the thousands digit of n?
2
Suppose -4*p = -16*p + 30*p - 1209402. What is the tens digit of p?
8
Let v(a) = 2*a + 219. Suppose -3*j = 5*k - 0*j - 6, 3*k - j = -2. What is the tens digit of v(k)?
1
Let q(u) = 141*u**3 - 5*u**2 + 28*u - 3. What is the hundreds digit of q(3)?
8
Let p be 54/(10/(-25)*-5). Suppose -p*l + 20*l = -231. What is the units digit of l?
3
Let u(i) = -i**2 - 16*i - 14. Let w be u(12). Let h be (6/(-7))/(75/w). Suppose h*t - 5*t = -2*k - 88, -4*t + 385 = 3*k. What is the tens digit of t?
9
Suppose -6879 + 380230 = 112*k - 297753. What is the thousands digit of k?
5
Let b(o) = -1517*o + 4834. What is the hundreds digit of b(-7)?
4
Let s be ((-12)/(-28))/((-4)/(-28)). Suppose 0 = s*h - 6*h. What is the units digit of ((-12)/(-2 + 1))/(2 + h)?
6
Let m(v) = -4004*v + 2999. What is the tens digit of m(-4)?
1
Suppose -u = i - 22042, 8*i - 4*i - 20 = 0. What is the tens digit of u?
3
Let w = -497 - -507. Let b(d) = 9*d**